{"id":30331,"date":"2018-07-03T08:40:07","date_gmt":"2018-07-03T05:40:07","guid":{"rendered":"https:\/\/www.plmf.ee\/event\/moraavia-opetajate-kooriuhingu-meeskoor-tsehhi\/"},"modified":"2018-07-13T10:12:20","modified_gmt":"2018-07-13T07:12:20","slug":"moraavia-opetajate-kooriuhingu-meeskoor-tsehhi","status":"publish","type":"tribe_events","link":"https:\/\/plmf.ee\/en\/event\/moraavia-opetajate-kooriuhingu-meeskoor-tsehhi\/","title":{"rendered":"Male choir of the Choral Society of Moravian Teachers\u00a0(Czech)\u00a0"},"content":{"rendered":"<div class=\"row \"><div class=\"wpv-grid grid-1-1  wpv-first-level first unextended\" style=\"padding-top:0px;padding-bottom:0px\" id=\"wpv-column-7d9c3b3d1e039f5d01e2b199aa18218c\" ><p>&nbsp;<\/div><\/div>\n<div class=\"row \"><div class=\"wpv-grid grid-1-1  wpv-first-level first unextended\" style=\"padding-top:0px;padding-bottom:0px\" id=\"wpv-column-c6e730f5ff94fdbc12b2e647851ee811\" ><\/div><\/div>\n<div class=\"row \"><div class=\"wpv-grid grid-1-1  wpv-first-level first unextended\" style=\"padding-top:0px;padding-bottom:0px\" id=\"wpv-column-f3d148304ced203e8bd2ce17c7a93663\" ><p>&nbsp;<\/div><\/div>\n<div class=\"row \"><div class=\"wpv-grid grid-1-1  wpv-first-level first unextended\" style=\"padding-top:0px;padding-bottom:0px\" id=\"wpv-column-a2abbb09dc1ecd60b711c933c95ad40e\" ><p><u><b><\/b><\/u><span style=\"font-size: medium; font-family: 'Times New Roman', serif; color: #000000;\">26th Rapla Church Music Festival<\/span><b style=\"font-size: medium; font-family: 'Times New Roman', serif; color: #000000;\"> <\/b><span style=\"font-size: medium; font-family: 'Times New Roman', serif; color: #000000;\">26.07-5.08.2018<br \/>\n<\/span><span style=\"color: #000000;\"><span style=\"font-family: 'Times New Roman', serif;\"><span style=\"font-size: medium;\"><u><b>Thu 2nd of August Vahastu church at 7 p.m<br \/>\n<\/b>FROM THE\u00a0RENAISSANCE\u00a0TO THE PRESENT<\/u><b><br \/>\nMale choir of the Choral Society of Moravian Teachers\u00a0<\/b>(Czech)<b><br \/>\n<\/b>conductor\u00a0<b>Ji\u0159\u00ed \u0160im\u00e1\u010dek<br \/>\n<\/b><i>Programme: Palestrina, Victoria,\u00a0Smetana etc<\/i><i><b> <\/b><\/i><\/span><\/span><\/span><\/p>\n<p class=\"western\"><span style=\"color: #000000;\"><span style=\"font-family: 'Times New Roman', serif;\"><span style=\"font-size: medium;\">Tickets 7\u20ac \/ 5\u20ac <\/span><\/span><\/span><\/p>\n<p class=\"western\"><span style=\"color: #000000;\"><span style=\"font-family: 'Times New Roman', serif;\"><span style=\"font-size: medium;\"><b>LEARN MORE <a href=\"http:\/\/www.raplafestival.ee\/copy-of-kaiserlautersuemfeng\">http:\/\/www.raplafestival.ee\/copy-of-kaiserlautersuemfeng<\/a><\/b><\/span><\/span><\/span><\/p>\n<p class=\"western\"><span style=\"color: #ff0000;\"><span style=\"font-family: 'Times New Roman', serif;\"><span style=\"font-size: medium;\"><u>BUY TICKETS<\/u><\/span><\/span><\/span><u><b> <\/b><\/u><a href=\"http:\/\/www.piletilevi.ee\/eng\/tickets\/xxvi-rapla-kirikumuusika-festival-53437\/\" target=\"_blank\" rel=\"noopener\">GET YOUR\u00a0TICKETS\u00a0VIA PILETILEVI\u00a0 5\u20ac- 15\u20ac, FESTIVAL PASS ALSO AVAILABLE\u00a030\u20ac-50\u20ac!<\/a><\/div><\/div>\n<div class=\"row \"><div class=\"wpv-grid grid-1-1  wpv-first-level first unextended\" style=\"padding-top:0px;padding-bottom:0px\" id=\"wpv-column-e8b0f3742d66b3ea7dcb606fc2594b7f\" ><\/div><\/div>\n","protected":false},"excerpt":{"rendered":"<p>&nbsp; &nbsp; 26th Rapla Church Music Festival 26.07-5.08.2018 Thu 2nd of August Vahastu church at 7 p.m FROM THE\u00a0RENAISSANCE\u00a0TO THE PRESENT Male choir of the Choral Society of Moravian Teachers\u00a0(Czech)&#8230;<\/p>\n","protected":false},"author":7,"featured_media":30325,"template":"","meta":{"_tribe_events_status":"","_tribe_events_status_reason":"","_tribe_events_is_hybrid":"","_tribe_events_is_virtual":"","_tribe_events_virtual_video_source":"","_tribe_events_virtual_embed_video":"","_tribe_events_virtual_linked_button_text":"","_tribe_events_virtual_linked_button":"","_tribe_events_virtual_show_embed_at":"","_tribe_events_virtual_show_embed_to":[],"_tribe_events_virtual_show_on_event":"","_tribe_events_virtual_show_on_views":"","_tribe_events_virtual_url":"","footnotes":""},"tags":[],"tribe_events_cat":[119],"class_list":["post-30331","tribe_events","type-tribe_events","status-publish","has-post-thumbnail","hentry","tribe_events_cat-concerts","cat_concerts"],"yoast_head":"<!-- This site is optimized with the Yoast SEO plugin v27.1.1 - https:\/\/yoast.com\/product\/yoast-seo-wordpress\/ -->\n<title>Male choir of the Choral Society of Moravian Teachers\u00a0(Czech)\u00a0 - Pille Lill Music Fund<\/title>\n<meta name=\"robots\" content=\"index, follow, max-snippet:-1, max-image-preview:large, max-video-preview:-1\" \/>\n<link rel=\"canonical\" href=\"https:\/\/plmf.ee\/en\/event\/moraavia-opetajate-kooriuhingu-meeskoor-tsehhi\/\" \/>\n<meta property=\"og:locale\" content=\"en_US\" \/>\n<meta property=\"og:type\" content=\"article\" \/>\n<meta property=\"og:title\" content=\"Male choir of the Choral Society of Moravian Teachers\u00a0(Czech)\u00a0 - Pille Lill Music Fund\" \/>\n<meta property=\"og:description\" content=\"&nbsp; &nbsp; 26th Rapla Church Music Festival 26.07-5.08.2018 Thu 2nd of August Vahastu church at 7 p.m FROM THE\u00a0RENAISSANCE\u00a0TO THE PRESENT Male choir of the Choral Society of Moravian Teachers\u00a0(Czech)...\" \/>\n<meta property=\"og:url\" content=\"https:\/\/plmf.ee\/en\/event\/moraavia-opetajate-kooriuhingu-meeskoor-tsehhi\/\" \/>\n<meta property=\"og:site_name\" content=\"Pille Lill Music Fund\" \/>\n<meta property=\"article:modified_time\" content=\"2018-07-13T07:12:20+00:00\" \/>\n<meta property=\"og:image\" content=\"https:\/\/plmf.ee\/wp-content\/uploads\/2018\/07\/RKF_18_0208_Vahastu.jpg\" \/>\n\t<meta property=\"og:image:width\" content=\"1191\" \/>\n\t<meta property=\"og:image:height\" content=\"1684\" \/>\n\t<meta property=\"og:image:type\" content=\"image\/jpeg\" \/>\n<meta name=\"twitter:card\" content=\"summary_large_image\" \/>\n<meta name=\"twitter:label1\" content=\"Est. reading time\" \/>\n\t<meta name=\"twitter:data1\" content=\"1 minute\" \/>\n<script type=\"application\/ld+json\" class=\"yoast-schema-graph\">{\"@context\":\"https:\/\/schema.org\",\"@graph\":[{\"@type\":\"WebPage\",\"@id\":\"https:\/\/plmf.ee\/en\/event\/moraavia-opetajate-kooriuhingu-meeskoor-tsehhi\/\",\"url\":\"https:\/\/plmf.ee\/en\/event\/moraavia-opetajate-kooriuhingu-meeskoor-tsehhi\/\",\"name\":\"Male choir of the Choral Society of Moravian Teachers\u00a0(Czech)\u00a0 - Pille Lill Music Fund\",\"isPartOf\":{\"@id\":\"https:\/\/www.plmf.ee\/en\/#website\"},\"primaryImageOfPage\":{\"@id\":\"https:\/\/plmf.ee\/en\/event\/moraavia-opetajate-kooriuhingu-meeskoor-tsehhi\/#primaryimage\"},\"image\":{\"@id\":\"https:\/\/plmf.ee\/en\/event\/moraavia-opetajate-kooriuhingu-meeskoor-tsehhi\/#primaryimage\"},\"thumbnailUrl\":\"https:\/\/www.plmf.ee\/wp-content\/uploads\/2018\/07\/RKF_18_0208_Vahastu.jpg\",\"datePublished\":\"2018-07-03T05:40:07+00:00\",\"dateModified\":\"2018-07-13T07:12:20+00:00\",\"breadcrumb\":{\"@id\":\"https:\/\/plmf.ee\/en\/event\/moraavia-opetajate-kooriuhingu-meeskoor-tsehhi\/#breadcrumb\"},\"inLanguage\":\"en-US\",\"potentialAction\":[{\"@type\":\"ReadAction\",\"target\":[\"https:\/\/plmf.ee\/en\/event\/moraavia-opetajate-kooriuhingu-meeskoor-tsehhi\/\"]}]},{\"@type\":\"ImageObject\",\"inLanguage\":\"en-US\",\"@id\":\"https:\/\/plmf.ee\/en\/event\/moraavia-opetajate-kooriuhingu-meeskoor-tsehhi\/#primaryimage\",\"url\":\"https:\/\/www.plmf.ee\/wp-content\/uploads\/2018\/07\/RKF_18_0208_Vahastu.jpg\",\"contentUrl\":\"https:\/\/www.plmf.ee\/wp-content\/uploads\/2018\/07\/RKF_18_0208_Vahastu.jpg\",\"width\":1191,\"height\":1684},{\"@type\":\"BreadcrumbList\",\"@id\":\"https:\/\/plmf.ee\/en\/event\/moraavia-opetajate-kooriuhingu-meeskoor-tsehhi\/#breadcrumb\",\"itemListElement\":[{\"@type\":\"ListItem\",\"position\":1,\"name\":\"Home\",\"item\":\"https:\/\/www.plmf.ee\/en\/\"},{\"@type\":\"ListItem\",\"position\":2,\"name\":\"Events\",\"item\":\"https:\/\/www.plmf.ee\/en\/events\/\"},{\"@type\":\"ListItem\",\"position\":3,\"name\":\"Male choir of the Choral Society of Moravian Teachers\u00a0(Czech)\u00a0\"}]},{\"@type\":\"WebSite\",\"@id\":\"https:\/\/www.plmf.ee\/en\/#website\",\"url\":\"https:\/\/www.plmf.ee\/en\/\",\"name\":\"Pille Lill Music Fund\",\"description\":\"Planet Of Talent\",\"potentialAction\":[{\"@type\":\"SearchAction\",\"target\":{\"@type\":\"EntryPoint\",\"urlTemplate\":\"https:\/\/www.plmf.ee\/en\/?s={search_term_string}\"},\"query-input\":{\"@type\":\"PropertyValueSpecification\",\"valueRequired\":true,\"valueName\":\"search_term_string\"}}],\"inLanguage\":\"en-US\"}]}<\/script>\n<!-- \/ Yoast SEO plugin. -->","yoast_head_json":{"title":"Male choir of the Choral Society of Moravian Teachers\u00a0(Czech)\u00a0 - Pille Lill Music Fund","robots":{"index":"index","follow":"follow","max-snippet":"max-snippet:-1","max-image-preview":"max-image-preview:large","max-video-preview":"max-video-preview:-1"},"canonical":"https:\/\/plmf.ee\/en\/event\/moraavia-opetajate-kooriuhingu-meeskoor-tsehhi\/","og_locale":"en_US","og_type":"article","og_title":"Male choir of the Choral Society of Moravian Teachers\u00a0(Czech)\u00a0 - Pille Lill Music Fund","og_description":"&nbsp; &nbsp; 26th Rapla Church Music Festival 26.07-5.08.2018 Thu 2nd of August Vahastu church at 7 p.m FROM THE\u00a0RENAISSANCE\u00a0TO THE PRESENT Male choir of the Choral Society of Moravian Teachers\u00a0(Czech)...","og_url":"https:\/\/plmf.ee\/en\/event\/moraavia-opetajate-kooriuhingu-meeskoor-tsehhi\/","og_site_name":"Pille Lill Music Fund","article_modified_time":"2018-07-13T07:12:20+00:00","og_image":[{"width":1191,"height":1684,"url":"https:\/\/plmf.ee\/wp-content\/uploads\/2018\/07\/RKF_18_0208_Vahastu.jpg","type":"image\/jpeg"}],"twitter_card":"summary_large_image","twitter_misc":{"Est. reading time":"1 minute"},"schema":{"@context":"https:\/\/schema.org","@graph":[{"@type":"WebPage","@id":"https:\/\/plmf.ee\/en\/event\/moraavia-opetajate-kooriuhingu-meeskoor-tsehhi\/","url":"https:\/\/plmf.ee\/en\/event\/moraavia-opetajate-kooriuhingu-meeskoor-tsehhi\/","name":"Male choir of the Choral Society of Moravian Teachers\u00a0(Czech)\u00a0 - Pille Lill Music Fund","isPartOf":{"@id":"https:\/\/www.plmf.ee\/en\/#website"},"primaryImageOfPage":{"@id":"https:\/\/plmf.ee\/en\/event\/moraavia-opetajate-kooriuhingu-meeskoor-tsehhi\/#primaryimage"},"image":{"@id":"https:\/\/plmf.ee\/en\/event\/moraavia-opetajate-kooriuhingu-meeskoor-tsehhi\/#primaryimage"},"thumbnailUrl":"https:\/\/www.plmf.ee\/wp-content\/uploads\/2018\/07\/RKF_18_0208_Vahastu.jpg","datePublished":"2018-07-03T05:40:07+00:00","dateModified":"2018-07-13T07:12:20+00:00","breadcrumb":{"@id":"https:\/\/plmf.ee\/en\/event\/moraavia-opetajate-kooriuhingu-meeskoor-tsehhi\/#breadcrumb"},"inLanguage":"en-US","potentialAction":[{"@type":"ReadAction","target":["https:\/\/plmf.ee\/en\/event\/moraavia-opetajate-kooriuhingu-meeskoor-tsehhi\/"]}]},{"@type":"ImageObject","inLanguage":"en-US","@id":"https:\/\/plmf.ee\/en\/event\/moraavia-opetajate-kooriuhingu-meeskoor-tsehhi\/#primaryimage","url":"https:\/\/www.plmf.ee\/wp-content\/uploads\/2018\/07\/RKF_18_0208_Vahastu.jpg","contentUrl":"https:\/\/www.plmf.ee\/wp-content\/uploads\/2018\/07\/RKF_18_0208_Vahastu.jpg","width":1191,"height":1684},{"@type":"BreadcrumbList","@id":"https:\/\/plmf.ee\/en\/event\/moraavia-opetajate-kooriuhingu-meeskoor-tsehhi\/#breadcrumb","itemListElement":[{"@type":"ListItem","position":1,"name":"Home","item":"https:\/\/www.plmf.ee\/en\/"},{"@type":"ListItem","position":2,"name":"Events","item":"https:\/\/www.plmf.ee\/en\/events\/"},{"@type":"ListItem","position":3,"name":"Male choir of the Choral Society of Moravian Teachers\u00a0(Czech)\u00a0"}]},{"@type":"WebSite","@id":"https:\/\/www.plmf.ee\/en\/#website","url":"https:\/\/www.plmf.ee\/en\/","name":"Pille Lill Music Fund","description":"Planet Of Talent","potentialAction":[{"@type":"SearchAction","target":{"@type":"EntryPoint","urlTemplate":"https:\/\/www.plmf.ee\/en\/?s={search_term_string}"},"query-input":{"@type":"PropertyValueSpecification","valueRequired":true,"valueName":"search_term_string"}}],"inLanguage":"en-US"}]}},"_links":{"self":[{"href":"https:\/\/plmf.ee\/en\/wp-json\/wp\/v2\/tribe_events\/30331","targetHints":{"allow":["GET"]}}],"collection":[{"href":"https:\/\/plmf.ee\/en\/wp-json\/wp\/v2\/tribe_events"}],"about":[{"href":"https:\/\/plmf.ee\/en\/wp-json\/wp\/v2\/types\/tribe_events"}],"author":[{"embeddable":true,"href":"https:\/\/plmf.ee\/en\/wp-json\/wp\/v2\/users\/7"}],"version-history":[{"count":0,"href":"https:\/\/plmf.ee\/en\/wp-json\/wp\/v2\/tribe_events\/30331\/revisions"}],"wp:featuredmedia":[{"embeddable":true,"href":"https:\/\/plmf.ee\/en\/wp-json\/wp\/v2\/media\/30325"}],"wp:attachment":[{"href":"https:\/\/plmf.ee\/en\/wp-json\/wp\/v2\/media?parent=30331"}],"wp:term":[{"taxonomy":"post_tag","embeddable":true,"href":"https:\/\/plmf.ee\/en\/wp-json\/wp\/v2\/tags?post=30331"},{"taxonomy":"tribe_events_cat","embeddable":true,"href":"https:\/\/plmf.ee\/en\/wp-json\/wp\/v2\/tribe_events_cat?post=30331"}],"curies":[{"name":"wp","href":"https:\/\/api.w.org\/{rel}","templated":true}]}}

<div class="row "><div class="wpv-grid grid-1-1  wpv-first-level first unextended" style="padding-top:0px;padding-bottom:0px" id="wpv-column-7d9c3b3d1e039f5d01e2b199aa18218c" ><p>&nbsp;</div></div>
<div class="row "><div class="wpv-grid grid-1-1  wpv-first-level first unextended" style="padding-top:0px;padding-bottom:0px" id="wpv-column-c6e730f5ff94fdbc12b2e647851ee811" ></div></div>
<div class="row "><div class="wpv-grid grid-1-1  wpv-first-level first unextended" style="padding-top:0px;padding-bottom:0px" id="wpv-column-f3d148304ced203e8bd2ce17c7a93663" ><p>&nbsp;</div></div>
<div class="row "><div class="wpv-grid grid-1-1  wpv-first-level first unextended" style="padding-top:0px;padding-bottom:0px" id="wpv-column-a2abbb09dc1ecd60b711c933c95ad40e" ><p><u><b></b></u><span style="font-size: medium; font-family: 'Times New Roman', serif; color: #000000;">26th Rapla Church Music Festival</span><b style="font-size: medium; font-family: 'Times New Roman', serif; color: #000000;"> </b><span style="font-size: medium; font-family: 'Times New Roman', serif; color: #000000;">26.07-5.08.2018<br />
</span><span style="color: #000000;"><span style="font-family: 'Times New Roman', serif;"><span style="font-size: medium;"><u><b>Thu 2nd of August Vahastu church at 7 p.m<br />
</b>FROM THE RENAISSANCE TO THE PRESENT</u><b><br />
Male choir of the Choral Society of Moravian Teachers </b>(Czech)<b><br />
</b>conductor <b>Jiří Šimáček<br />
</b><i>Programme: Palestrina, Victoria, Smetana etc</i><i><b> </b></i></span></span></span></p>
<p class="western"><span style="color: #000000;"><span style="font-family: 'Times New Roman', serif;"><span style="font-size: medium;">Tickets 7€ / 5€ </span></span></span></p>
<p class="western"><span style="color: #000000;"><span style="font-family: 'Times New Roman', serif;"><span style="font-size: medium;"><b>LEARN MORE <a href="http://www.raplafestival.ee/copy-of-kaiserlautersuemfeng">http://www.raplafestival.ee/copy-of-kaiserlautersuemfeng</a></b></span></span></span></p>
<p class="western"><span style="color: #ff0000;"><span style="font-family: 'Times New Roman', serif;"><span style="font-size: medium;"><u>BUY TICKETS</u></span></span></span><u><b> </b></u><a href="http://www.piletilevi.ee/eng/tickets/xxvi-rapla-kirikumuusika-festival-53437/" target="_blank" rel="noopener">GET YOUR TICKETS VIA PILETILEVI  5€- 15€, FESTIVAL PASS ALSO AVAILABLE 30€-50€!</a></div></div>
<div class="row "><div class="wpv-grid grid-1-1  wpv-first-level first unextended" style="padding-top:0px;padding-bottom:0px" id="wpv-column-e8b0f3742d66b3ea7dcb606fc2594b7f" ></div></div>
